der when 99 is divided by s(11)?
19
Let r be (-4)/(-2) - (8 - 7). Let c = r + 20. Calculate the remainder when c is divided by 6.
3
Suppose s + 6 = 2*s. What is the remainder when 3*((-78)/(-9) + -1) is divided by s?
5
Suppose -6 - 2 = i. Let a = -106 + 115. What is the remainder when a is divided by -4*(18/i - -1)?
4
Suppose 10 = u - 3*g, -5*u + 5*g + 40 = -u. What is the remainder when u is divided by 7?
3
Let h(u) = 2*u**2 - 2*u + 6. Calculate the remainder when h(4) is divided by 8.
6
Let b(m) = -m - 8. Let d be (-102)/15 + 2/(-10). Let a be b(d). Calculate the remainder when 4 is divided by (-3)/(-3) - 1*a.
0
Let m = 0 + 3. Let f be 85/(-2)*(-20)/25. Suppose d - 10 = -l, -m*d - 4*l - 2 = -f. Calculate the remainder when 15 is divided by d.
7
Let d(n) = 4*n**2 + 3*n - 3. Suppose 0 = -r + 4*b + 33, 0*r = 5*r - 3*b - 182. Calculate the remainder when r is divided by d(2).
18
Suppose 2*a = -2*a + 360. Calculate the remainder when a is divided by 23.
21
Let b be (40/50)/((-4)/(-10)). Suppose 2*l + 126 = 5*o, b*o = 3*l - 2*l + 51. Calculate the remainder when 95 is divided by o.
23
Suppose -2*f + 2*w + 56 = 0, -3*f - 9*w = -4*w - 76. Calculate the remainder when f is divided by 10.
7
Let u = -95 + 96. Calculate the remainder when 7 is divided by u.
0
Let m = 42 + -30. Suppose 2*f + 2 + 0 = -t, -f = 5*t + 1. What is the remainder when 1*(f - -1) - -35 is divided by m?
11
Suppose 3*h + 5 = 3*q - 64, 5*q - 4*h - 117 = 0. Calculate the remainder when q is divided by 4.
1
Let v = 29 - 13. What is the remainder when 42 is divided by v?
10
Suppose t + 7 = 5*z, t + 5*z = -0*t - 17. Calculate the remainder when 36 is divided by (-1)/2*-2 - t.
10
Let u(v) = v**3 + 6*v**2 - 3*v - 8. Let l(b) = -b**2 + 10*b + 4. What is the remainder when l(6) is divided by u(-6)?
8
Let j be 194/(-4) + (-2)/(-4). Let p = j + 85. What is the remainder when p is divided by 13?
11
Let w = 227 + -137. Calculate the remainder when w is divided by 23.
21
Suppose -47 = -5*y - 12. Let v(o) = o + 3. Calculate the remainder when 38 is divided by v(y).
8
Suppose -36 = -2*u + 62. Let f be (-2)/(-1 + 4/2). What is the remainder when u is divided by ((-17)/2)/(f/4)?
15
Let f be 2/5 + 570/75. Let m = f + 17. Calculate the remainder when 49 is divided by m.
24
Suppose 127 - 11 = 4*h. Let t(a) = a**2 + 2*a - 3. Let v be t(-6). Calculate the remainder when h is divided by 4*(v/12 + 2).
14
Let l(i) = -19*i + 18*i - 1 + 2. Calculate the remainder when 7 is divided by l(-3).
3
Suppose 7*l - 20 - 92 = 0. Calculate the remainder when (124/(-10))/(2/(-10)) is divided by l.
14
Let d(l) = -l + 2. Calculate the remainder when 16 is divided by d(-3).
1
Let d = -1 - -5. What is the remainder when 27 is divided by d/(-14) - 216/(-21)?
7
Let u be (-1 + -2 + 2)*-155. Suppose -p = r - 5*p - 44, -4*r + u = 5*p. What is the remainder when r is divided by 14?
12
Suppose -85 = -36*p + 31*p. Suppose 4*v - 89 = -3*f + 43, -102 = -2*f + 2*v. What is the remainder when f is divided by p?
14
Suppose -71 = -3*p + 37. Calculate the remainder when p is divided by 8.
4
Let u = -7 + 12. Suppose 25 = 5*r, u*r - 29 = -3*i + 4*i. What is the remainder when 17 is divided by 1/i*-2*10?
2
Let s = -58 + 87. Calculate the remainder when 86 is divided by s.
28
Let t be (-3)/9*(-2 + 11). Let l = t - -23. What is the remainder when 38 is divided by l?
18
Let d = 14 - 7. What is the remainder when d is divided by 3?
1
Suppose -1 = q - 2. Suppose 5*w + 6 = -g + 3, g - q = -w. Calculate the remainder when (-177)/(-9) + g/6 is divided by 11.
9
Let y(m) = m**2 + 4*m + 8. Calculate the remainder when 49 is divided by y(-5).
10
Let p(j) = 2*j - 4*j - 2 + 0. Let z be p(-4). Let k = -3 + z. Calculate the remainder when k is divided by 2.
1
Suppose 4*b - 156 = 15*h - 17*h, 5*h - 434 = b. Calculate the remainder when h is divided by 9.
5
Suppose 0*y = -5*y + 75. Let x be (13 - 2)*(6 - 2). Suppose 2*k + 126 = 4*w - 0*k, w = 3*k + x. Calculate the remainder when w is divided by y.
14
Suppose 6*v = 2*q + 7*v - 13, -6 = -3*q + 3*v. What is the remainder when 8 is divided by q?
3
Suppose -5*r - 50 = -260. Let i = 134 + -78. Suppose i = 4*n + 3*s, -5*s + 14 = -6. What is the remainder when r is divided by n?
9
Let a = 20 + 50. Calculate the remainder when a is divided by 16.
6
Suppose 4*b - 7 = 9. Suppose -b*l = 30 - 78. Suppose -w + 3*w = 3*f + 37, 4*w + 3*f - 101 = 0. Calculate the remainder when w is divided by l.
11
Suppose 4*y = -2*s + 48, 96 = 5*s - 5*y - 69. What is the remainder when 56 is divided by s?
26
Suppose -x = -2*w - 2, -w - 2*x = 3*w + 4. Calculate the remainder when 1/(1/(w - -44)) is divided by (-1)/((-1 - -4)/(-45)).
13
Suppose g - 136 = -3*g. Suppose 0 = -f - 2*f + 12. Let a = 14 + f. What is the remainder when g is divided by a?
16
Suppose -12*c = -3533 - 871. Calculate the remainder when c is divided by 74.
71
Suppose -3*k = -k + 3*s - 39, -2*k + 5*s = -15. Suppose 0 = 5*m - 170 + k. Calculate the remainder when m is divided by 11.
9
Suppose 4*v + 2*j = 104, 4*j - 7 = 1. Calculate the remainder when 47 is divided by v.
22
Let h(d) = 9*d. Let u be h(1). Let p = -8 + 11. Let l = u + p. Calculate the remainder when 22 is divided by l.
10
Let p = 27 - 15. Let t(j) = -2*j**3 + j**3 + 4 + 2*j**3 - 6*j + 5*j**2. Calculate the remainder when t(-5) is divided by p.
10
Suppose -3*c + 38 = 3*n - 82, 0 = -5*n - 3*c + 198. Calculate the remainder when 74 is divided by n.
35
Suppose 0 = z + 4*o - 45, -4*o - 75 = -4*z + o. Calculate the remainder when z is divided by 10.
5
Suppose 0*q - 2*v = q + 5, 11 = q - 2*v. Let h = 4 - q. Calculate the remainder when 2 is divided by h + (-3 + 2)/(-1).
0
Suppose -5*a + 0 + 15 = 0. Suppose 0 = -h + 18 + 12. Suppose 0 = 2*x + a*x - h. Calculate the remainder when 11 is divided by x.
5
Let w = 86 + -62. Suppose 23 + 42 = 5*z. Calculate the remainder when w is divided by z.
11
Suppose 3 = p - 63. What is the remainder when p is divided by 23?
20
Let w(r) = -11*r + 4. Let z(u) = 2*u**3 + 3*u**2 - u + 10. What is the remainder when w(-4) is divided by z(0)?
8
Let m = 16 - 2. Suppose -3*k = -46 - m. Calculate the remainder when k*(16/(-10))/(-2) is divided by 6.
4
Suppose -15*m + 1053 = 198. What is the remainder when m is divided by 30?
27
Let g = 12 - 6. Let f(b) = 8*b - 8*b + 11*b + g*b. Calculate the remainder when f(2) is divided by 12.
10
Suppose 5*n = -2*y + 4*y + 52, -3*y - 36 = -4*n. Calculate the remainder when 12*3/(-12)*-11 is divided by n.
9
Suppose -3*i + 6 = -i. Suppose 5*o + 2*w - 146 = 26, -i = -3*w. Let v(n) = n**3 - 5*n**2 + 2*n + 2. Calculate the remainder when o is divided by v(5).
10
Suppose 2*l = -0 + 8, 5*j + 3*l = 142. What is the remainder when 50 is divided by j?
24
Suppose -4*b - 3*z = -2*z - 84, -b + 3*z + 8 = 0. What is the remainder when 117 is divided by b?
17
Let s = 15 - 11. Calculate the remainder when 15 is divided by s.
3
What is the remainder when 71 is divided by 3 + -3 - 2*-12?
23
Let q(z) = -z + 10. Let k be q(7). Suppose -5*i - 40 = -n, 50 = 3*n + 2*i - k*i. Calculate the remainder when 44 is divided by n.
14
Let g(n) = -n + 17. Let w(t) = t**3 - 8*t**2 + 10*t. Calculate the remainder when w(7) is divided by g(6).
10
Suppose 0 = -f + 3*f + 72. Let t(a) = -12*a + 8. Let k be t(5). Let l = f - k. What is the remainder when 47 is divided by l?
15
Let z = 2 - -2. Let n = 75 - 37. Suppose 2*c + 4*s = 34, 5*c + 2*s - n = 7. What is the remainder when c is divided by z?
3
Suppose -3*d + 94 = -4*y, y - 6*y - 20 = 0. What is the remainder when d is divided by 15?
11
Let g = -5 - -3. Let n(x) = x**3 - x**2 + 17. Calculate the remainder when n(0) is divided by (-17)/g - 1/(-2).
8
Suppose s = 2*s + g - 113, 3*s = g + 323. Calculate the remainder when s is divided by 28.
25
Suppose 2*y + 19 = 63. What is the remainder when 64 is divided by y?
20
Calculate the remainder when (13 - -1)/(4/4) is divided by 6.
2
Let n = 91 + -42. Suppose -4*l + q = 6*q - 69, -n = -4*l - q. Calculate the remainder when 19 is divided by l.
8
Let c(b) = b**3 + 2*b**2 - 4*b + 2. Suppose -6*h + 20 = -4*h. Suppose -16 = -3*v + 5*t, 2*t = 5*v - h - 4. Calculate the remainder when 28 is divided by c(v).
8
Let b(g) = -g + 29. Let m be 42/6 - 1*-1. What is the remainder when b(0) is divided by m/(-6)*(-